ose -2*v - 20 = -7*v, 0 = l + 4*v - 37. Calculate the greatest common divisor of l and 567.
21
Suppose 0 = 3*u - u - 4. Let q = 1 - u. Let h be q/((-124)/60 - -2). Calculate the highest common divisor of h and 10.
5
Suppose -5*x + 3*a - a - 10 = 0, 4*a = -5*x + 20. Suppose 5*y + y - 336 = x. What is the greatest common factor of y and 28?
28
Suppose 0 = -2*q + 5 + 3. Let p(d) = -8*d**2 + d**3 - q*d - 1 - 2*d + d**2 - 9. Let s be p(8). Calculate the greatest common factor of s and 12.
6
Let n = -2589 + 4776. What is the highest common factor of 9 and n?
9
Let p be 46/(-4)*(-160)/16. Suppose -3*b = j - 95, -j - p = -3*b - 18. What is the highest common factor of b and 224?
32
Let k(u) = -u**3 + 8*u**2 - 9*u + 28. Let b be k(7). What is the greatest common divisor of 154 and b?
14
Let h = -49 + 58. Let g(j) = -j**2 + 14*j - 9. Let a be g(h). What is the highest common divisor of 45 and a?
9
Suppose -2*p - 9*m + 4*m = -59, -5*p - 5*m = -110. What is the highest common divisor of 187 and p?
17
Let t(f) = -f**2 + 8*f + 1. Suppose -3*v - 5*u + 52 = 0, 3*v + u - 10 = 46. Let c = v + -12. Let b be t(c). Calculate the greatest common factor of 40 and b.
8
Let x = 1384 + -648. Suppose 4*u + 0*u - x = 0. Let y be (-3 - (-3 + -1)) + 22. Calculate the greatest common factor of u and y.
23
Let y be ((-63)/(-12))/(12/336). Calculate the greatest common factor of y and 98.
49
Let z = -6 - -18. Suppose 3 = 3*o - z. Let c be 2/6 - 536/(-12). What is the greatest common divisor of o and c?
5
Suppose 6*d - 5*x - 800 = d, -d - 2*x = -145. Suppose 4*w = -c + 42, -3*c - 2*w + 238 = c. Calculate the greatest common divisor of c and d.
31
Suppose -c - 3*x + 750 = 0, 2211 = 14*c - 11*c - 4*x. What is the highest common factor of 285 and c?
57
Let z(u) = u**2 - 10*u - 14. Let n be z(11). Let m = n - 7. Let v be m/5*3/(-6). Calculate the highest common divisor of 9 and v.
1
Let k be (6/(-4))/(42/(-84)). Calculate the highest common divisor of 6 and k.
3
Suppose 0 = -3*i - u + 45, -6*i + 3*u = -2*i - 60. What is the highest common divisor of 360 and i?
15
Let n(c) = 3*c**2 + 66*c + 11. Let i(k) = 2*k**2 + 33*k + 5. Let p(r) = -5*i(r) + 3*n(r). Let u be p(31). Calculate the greatest common divisor of 10 and u.
10
Let m = 176 - 106. Suppose 0 = 4*j - 7*j + 6. Suppose j + 8 = n. Calculate the highest common factor of n and m.
10
Let c(s) be the first derivative of -s**4/4 - 3*s**2/2 - 2*s + 9. Let z be c(-2). Calculate the greatest common divisor of 12 and z.
12
Suppose 0 = 4*d - 13 + 1, -2*p + 2*d = 0. Suppose 0 = -2*n + n + 5. Suppose -p*j + 6 = 4*a - 59, -25 = n*j. Calculate the highest common factor of 30 and a.
10
Suppose -2*t - 2 = 6. Let i = t + 9. Let p = -190 + 192. What is the greatest common divisor of i and p?
1
Suppose 4 = -8*v + 6*v + 2*t, -2*t + 12 = 2*v. What is the highest common factor of v and 22?
2
Suppose 5*h = 4*v - 34, -2 = v + 3*h + h. Suppose o - 8 = v. Calculate the highest common factor of 2 and o.
2
Let q(a) = a**3 + 5*a**2 - 14*a + 3. Let r(m) = m. Let w be r(-7). Let b be q(w). Let y be 8/4*2/4. Calculate the greatest common divisor of b and y.
1
Let k(f) = 6*f + 73 + f**2 - 2*f + f**3 + 0*f**2 - 5*f. Let b be k(0). Suppose 4 = -a, -b = -5*t + 5*a + 262. What is the highest common divisor of 9 and t?
9
Suppose -q - 3*o = -20 - 13, -5*o - 185 = -5*q. What is the highest common divisor of q and 18?
18
Let f = 22 + -12. Let z(i) = -i + 16. Let u be z(f). Suppose -w = 4*j - 3*w - 22, 0 = -j + 2*w + 4. What is the highest common divisor of u and j?
6
Let g(x) = 3*x**3 + x**2 + 21*x - 19. Let u be g(6). Calculate the greatest common factor of u and 7.
7
Suppose 4*j + 2072 = 4*h + 688, -4*h = -5*j - 1382. Calculate the highest common divisor of 48 and h.
12
Let w be ((-36)/(-21))/((-10)/(-35)). Calculate the greatest common divisor of 6 and w.
6
Let h = 425 + -362. Calculate the greatest common factor of 72 and h.
9
Let y = -3379 + 3434. Suppose 33 = 2*c + c. Calculate the highest common factor of c and y.
11
Let j(f) = -14*f**2 - 159*f - 22. Let h be j(-9). Calculate the highest common divisor of 220 and h.
55
Let u be 4/((8/(-34))/4). Let k = u - -88. Calculate the greatest common factor of 80 and k.
20
Suppose -6*h - 8 = -8*h. Let b be (-2 - (2 + -1)) + h. What is the greatest common divisor of 5 and b?
1
Let g = -289 - -316. What is the highest common factor of 117 and g?
9
Let f be 217/5 - (-9)/15. Suppose 5*x - f + 14 = 0. Suppose x*r - 20 = r. Calculate the greatest common factor of r and 4.
4
Let m(c) = -c**3 - c - 1. Let i(a) = -2*a**3 - 13*a**2 - 35*a + 18. Let j(f) = -i(f) + 3*m(f). Let b be j(15). Calculate the highest common factor of b and 72.
9
Let l(w) = w + 19. Suppose -4*g + 88 = -o, 2*g - 52 - 10 = 5*o. Let j be l(g). Let x be 6*4*(-1)/(-3). What is the greatest common factor of j and x?
8
Let b = -81 - -109. Suppose -5*n + 283 - 43 = 0. Suppose -g + 0 + b = -l, 2*g - n = 4*l. What is the highest common divisor of 16 and g?
16
Let l = -391 + 392. Suppose 0*q - 22 = -2*q. What is the highest common divisor of l and q?
1
Suppose -1662 - 38 = -20*y. Calculate the greatest common divisor of 17 and y.
17
Suppose -5*c + 219 = -301. Let p(z) = 2*z + 1. Let d be p(6). Calculate the greatest common factor of c and d.
13
Let p be 297 + 5 + (-10 - -2). Calculate the greatest common factor of p and 210.
42
Suppose 100 = 2*f - 4*b, 3*f - 7*f = 3*b - 145. What is the greatest common factor of 80 and f?
40
Let q be (-1)/(76/(-12) + 6). Suppose -2*d + 7*d - 15 = 0. What is the highest common divisor of d and q?
3
Suppose 77*u + 840 = 97*u. What is the highest common divisor of 24 and u?
6
Suppose 0 = 4*s + 4*g - 224, -3*s + 4*s - 50 = 2*g. Suppose 2*n - 5*u = 30 + 11, -5*u - s = -3*n. Calculate the greatest common factor of 13 and n.
13
Suppose -30*o + m + 76 = -28*o, 0 = o - 3*m - 48. Calculate the greatest common factor of 1188 and o.
36
Suppose -4*j + 0*o + 1839 = -o, 3*j + 4*o - 1384 = 0. Let z be (-2)/7 - j/(-140). Calculate the greatest common factor of z and 12.
3
Let r be -810*(-7)/70*6. What is the highest common divisor of r and 18?
18
Let f = 16 + 8. Let o = f + -26. Let d be (-15)/o*16/20. What is the highest common divisor of 66 and d?
6
Let q be (-7 - -2)/(1/(-3) - 0). Suppose -4*y - 24 = -2*n, -q - 41 = -2*n - 4*y. Calculate the highest common divisor of n and 5.
5
Suppose 0 = -4*z + 13*z - 1512. Calculate the greatest common divisor of 48 and z.
24
Suppose -26*l = -458 - 2610. Calculate the greatest common factor of 59 and l.
59
Let s(d) = -d**2 + 25*d - 89. Let o be s(7). What is the highest common divisor of 1184 and o?
37
Let z be ((-10)/3 + 4)/((-4)/(-306)). Suppose -2*w - 4*t = -39 - z, -3*t - 6 = 0. Calculate the greatest common divisor of w and 7.
7
Let s(a) = -4*a**3 - 1. Let f be s(-1). Suppose -2*q = r - 14, -5*q - f*r + 36 = -0*r. Suppose 45 = 3*l + q. What is the highest common factor of l and 65?
13
Let h = 957 - 953. Suppose 2*z = -z + 108. What is the greatest common divisor of h and z?
4
Let u(d) be the third derivative of -d**6/120 + 3*d**5/20 - 7*d**4/24 + 10*d**3/3 - 19*d**2. Let q be u(8). Calculate the greatest common divisor of 14 and q.
14
Let n(g) = -g**3 + 11*g**2 - 11*g + 13. Let u be n(10). Let p be u - (-4 + -3 - 0). Suppose 3*c - p = 17. Calculate the greatest common factor of 27 and c.
9
Let k(i) = 3*i**2 - 6*i + 13. Let v be k(13). What is the highest common factor of 102 and v?
34
Suppose -3*i = -2*n - 2 - 0, 0 = i + 5*n + 5. Suppose -u + 5 - 21 = i. Let t be (-308)/u - (-1)/(-4). Calculate the highest common divisor of t and 19.
19
Let t be 399*(-5 - (-112)/12 - 3). Calculate the greatest common factor of 28 and t.
28
Let t = -77 - -70. Let p be (5/t)/((-7)/49). What is the greatest common factor of 15 and p?
5
Let w = 9 + -6. Suppose 0*n - w*n + 138 = 0. Let x = n + -2. Calculate the greatest common factor of x and 11.
11
Suppose 15 = -v + 33. What is the greatest common divisor of v and 306?
18
Let v(m) = -m**2 - 35*m - 11. Let n be v(-11). Calculate the highest common divisor of 115 and n.
23
Let l(d) = d - 3. Let m be l(3). Suppose m = y - 3*v + 2*v - 7, 0 = -5*v - 20. Let b be 1 + -3 + y + 1. Calculate the highest common divisor of b and 2.
2
Suppose 0 = -p + 173 - 166. Calculate the greatest